73
Let w(u) = -u**3 - 3*u**2 - u + 1. Let i be w(-3). Suppose i*d + 20 = 8*d. Suppose -d*s = -5*n - 180, -3*s + 5*n - n = -112. List the prime factors of s.
2
Suppose 4*n - 5*n + 5 = 0. Suppose -445 = -0*l - n*l. What are the prime factors of l?
89
Let b(t) = -7*t + 5. Suppose 3 - 6 = -u. Let k be b(u). Let m = 15 - k. What are the prime factors of m?
31
Let m = 871 - 857. Suppose 0 = -q - 0*q - 1. List the prime factors of m + (q - 3) + 0.
2, 5
Let a = 37 - 112. Suppose 2*o + 207 = -2*q - 3*o, -o = -q - 114. Let t = a - q. What are the prime factors of t?
2, 3
Suppose 4*w + 5*y - 50 = 0, -4*w + 5*w - y - 8 = 0. Let l be (-2)/(10/(-15)) + (1 - -1). Suppose 5*z = l + w. List the prime factors of z.
3
Let u be 3*14/8 - 2/8. Suppose 4*a - 3*a - 209 = -4*i, 3*i = -u*a + 144. List the prime factors of i.
53
Let t(i) = 2*i + 0*i + 3*i**2 + 2 - 6*i. Let j = -55 - -58. List the prime factors of t(j).
17
Let c be (-19 - -8) + 4/(-2). Let y be (-2)/c - 152/(-26). Suppose 3*h + z = 75, -2*h - y*z + 2*z = -40. List the prime factors of h.
2, 13
Suppose -2*q = -5*z + 2, 1 = 4*z + 4*q + 5. List the prime factors of 148*(z - 3/(-6)).
2, 37
Suppose -3*s - 6 = -0, 0 = c - 4*s + 49. Let b = c + 89. Suppose 2*f - b = y, 0*f + 3*f - 2*y - 48 = 0. What are the prime factors of f?
2
Let q(t) = 2*t**2 - 14*t - 15. Let o be q(8). What are the prime factors of (-535)/(-3) - -4 - o/3?
2, 7, 13
Suppose 42 = -4*u - 30. Let m be (-6)/u*(-12)/(-1). Suppose 0 = -m*d + 24 - 0. List the prime factors of d.
2, 3
Let a(y) = 3*y**2 - y. Let u be a(-3). Suppose -i + u + 13 = 0. Suppose -3*b + i = k, 7 + 30 = k + b. What are the prime factors of k?
2, 17
Let u(d) = 90*d**2 - 7*d + 33. What are the prime factors of u(6)?
3, 359
Let w be 34*((-12)/(-8) + -1). Let v = w + -17. Suppose 3*t = -3*u + 21, -5*t + u - 6 + 29 = v. What are the prime factors of t?
5
Suppose -14*h - h = -915. List the prime factors of h.
61
Let w = -1123 - -3143. What are the prime factors of w?
2, 5, 101
Let w(r) = r**3 + 9*r**2 + 9*r + 12. Let q be w(-8). Let u be ((-7)/((-28)/8))/1. Suppose -u*i + 3*i = q. List the prime factors of i.
2
Let f = -79 + 80. What are the prime factors of (-12)/36 + (f - (-698)/6)?
3, 13
Let v(b) be the second derivative of b**3/6 + b**2/2 - 2*b. Let c be v(7). What are the prime factors of 4*((-108)/c)/(-3)?
2, 3
Let y = 14 + -23. Let d = y + 62. List the prime factors of d.
53
Let h(d) = -113*d**3 - 3*d + 4. Let z(v) = 564*v**3 + v**2 + 15*v - 21. Let b(l) = -11*h(l) - 2*z(l). What are the prime factors of b(1)?
2, 3, 19
Let f be ((-304)/(-5) - 2)/(1/5). List the prime factors of (f*-1 + -5)/(-1).
13, 23
Let s = -46 + 53. What are the prime factors of (150/24 - s) + (-279)/(-4)?
3, 23
Let k = 440 - -484. What are the prime factors of k?
2, 3, 7, 11
Let y = -30 - -25. Let x be (6 - -6) + (y - -1). Suppose -x*b = -3*b - 185. List the prime factors of b.
37
Let g(t) = 5*t**3 + 3*t + 4. Let a be g(-3). Let r = a - -250. List the prime factors of r.
2, 5, 11
Let f = 10 + 12. Let w = f + -19. List the prime factors of ((-8)/6)/(-1)*w.
2
Let g(n) = -3*n**2 + 4*n + 31. Let s be g(-9). Let z = 382 + s. What are the prime factors of z?
2, 67
Let m(k) = -k**2 + 3*k + 13. Let z be m(12). Let c = z + 120. List the prime factors of c.
5
What are the prime factors of (-4)/(16/17364*-3)?
1447
Suppose -2*g + 2*w + 4 = 2, g = 2*w + 3. What are the prime factors of 109 + 2 - (5 - g - 4)?
109
Suppose n + n = 5*t - 19669, 0 = -2*t + 3*n + 7861. List the prime factors of t.
5, 787
Let v(g) = 2*g + 1. Let f be v(1). Suppose 5*r = f*b + 1138, 304 = 4*r - b - 605. List the prime factors of r.
227
Let d = -3122 - -5956. What are the prime factors of d?
2, 13, 109
Let r be 12/4 + -1 - 0. Let h(m) = -14 + m**3 + 12 + 9*m**r + 7. List the prime factors of h(-9).
5
Let a = 248 - 171. Suppose 5*k = 2*i + 88, 5*i - a = -8*k + 4*k. What are the prime factors of k?
2, 3
What are the prime factors of 3/((-9)/(-1614)) + 4?
2, 271
Let i(c) = -c + 19. Let y be i(9). What are the prime factors of (994/35)/(1/y)?
2, 71
What are the prime factors of (3 + 26/(-6))*62007/(-44)?
1879
Let n = -763 + 1069. Suppose 2*h - n = -3*m - 41, 2*h = -m + 275. What are the prime factors of h?
2, 5, 7
Suppose -o + 2 = -5. Let a = o + -3. Suppose 0 = 2*w - 2*f - 6, 17 = 5*w + a*f - 7*f. What are the prime factors of w?
2
Let o(j) = j**3 + 2*j**2 - 2*j + 7. Let k be o(-3). Suppose k*l - 108 + 8 = 0. List the prime factors of l.
5
Suppose -4 = -5*v + 81. Suppose -o + 12 = -v. Let y = 55 - o. List the prime factors of y.
2, 13
Let x(i) = -12*i - 9. Let t be x(-3). Suppose 0 = -5*g + t + 323. What are the prime factors of g?
2, 5, 7
Let g(c) = 320*c + 86. What are the prime factors of g(4)?
2, 683
Suppose 3*s = -b + 2*b - 33, 5*b = -3*s + 147. Let z = b - 19. What are the prime factors of (-122)/(-6)*33/z?
61
Let s(f) = f + 1. Let k(q) = -2*q - 2. Let v be k(0). Let c(h) = 20*h. Let a(d) = v*c(d) + 2*s(d). What are the prime factors of a(-1)?
2, 5
Suppose 8*o = -o + 3303. What are the prime factors of o?
367
Let g = -1352 - -3063. List the prime factors of g.
29, 59
Let k be ((-24)/(-30))/(2/10). Suppose k*s + 3*s + 574 = 0. Let h = s - -143. List the prime factors of h.
61
Let n(q) = q**3 + 12*q**2 + 11*q + 2. Suppose 0 = -c + 4 - 15. Let k be n(c). Suppose k*z = -5*r + 50, -5*z + r + 71 = -54. What are the prime factors of z?
5
Let u be 4 + 3 + -7 - -3. Suppose y + 0*n = 2*n + 91, 4*y - 339 = u*n. What are the prime factors of y?
3
Let z be 4/10 - (-4)/(-10). Suppose z = -5*g + 41 - 11. Suppose 0*o + 2*o = g, -q - o + 75 = 0. List the prime factors of q.
2, 3
Let m = 11 + -57. Let o = 139 + m. What are the prime factors of o?
3, 31
Suppose -4*f + 2*t + 16 = 7*t, 5*f - t = -9. Let k(x) = -15*x**3 - x**3 + 3*x**3 + 2*x**3. What are the prime factors of k(f)?
11
Suppose -13*y + 35*y - 16786 = 0. List the prime factors of y.
7, 109
Let k(c) = c**3 + 10*c**2 + 11*c + 15. Let s be 1/3 + 75/(-9). What are the prime factors of k(s)?
5, 11
Suppose 0 = 5*m - 112 - 3. Suppose -2*k = -5*o + 22, 3*o + 160 - 176 = 4*k. List the prime factors of (-3 - (-3 + m))*k.
23
Let i be (-1 + 1)*((-14)/21)/(-2). Suppose -15*m + 3256 + 254 = i. List the prime factors of m.
2, 3, 13
Let s(r) = -17*r - 1. Let z(o) = 51*o + 2. Let u(y) = 17*s(y) + 6*z(y). Suppose 0 = -2*m + 4*k + 20, -2*m = -m + 5*k + 18. What are the prime factors of u(m)?
29
Let s(o) = 168*o**3 - 24*o + 24. What are the prime factors of s(1)?
2, 3, 7
Suppose 5*b = 2*b + 174. Let d = b + -3. List the prime factors of d.
5, 11
Suppose 0 = 5*r - 90 - 865. Let g = 413 - r. Suppose -g = -0*f - 6*f. List the prime factors of f.
37
Let o(y) = -76*y**3 + 2*y**2 - 3*y + 2. Let a(z) = -z + 8. Let q be a(7). Let s be o(q). What are the prime factors of (s*4/(-6))/2?
5
Suppose 62*f = -3*q + 59*f + 2448, 2*f = 0. List the prime factors of q.
2, 3, 17
Suppose 3*r - 4 + 118 = 0. List the prime factors of (-8037)/r - (-1)/2.
2, 53
Let d be 12/(-42) + 111/21. Suppose -2*f - 25 = -5*n, -19 = -3*n + d*n + 5*f. What are the prime factors of -4 + (-1 - n*-15)?
2, 5
Suppose -3*n - 5*q + 646 = 0, -n + 6*n = 3*q + 1054. Suppose -7*x = -3*x - n. What are the prime factors of x?
53
List the prime factors of (-48237)/(-84) + 1*2/(-8).
2, 7, 41
Let o = 6 + -35. Let b = -41 - o. Let c = b + 24. List the prime factors of c.
2, 3
Let z(g) = -41*g + 2. Let r be z(-2). Suppose -r = -q - 6. What are the prime factors of q?
2, 3, 13
Let f(l) = -11*l**2 + 9*l - 11. Let i(y) = y**2 + y - 1. Let a(h) = -f(h) + 2*i(h). What are the prime factors of a(3)?
3, 5, 7
Let w = 1336 - -836. List the prime factors of w.
2, 3, 181
Let i(t) = 17 + 12 + 3*t**2 - 20*t - 5*t**2 + 4. What are the prime factors of i(-10)?
3, 11
Let u = -775 + 1122. What are the prime factors of u?
347
Suppose 0 = -114*t + 12*t + 555798. List the prime factors of t.
5449
Let g(q) = q**2 - q. Let d be g(1). Let w = d - -3. Suppose -w*k - 57 = -7*m + 3*m, 5*m + 2*k - 54 = 0. What are the prime factors of m?
2, 3
Let p(i) = -i**3 + 2*i**2 + 5*i - 3. Let n be p(3). Let z be ((-13)/(-5) - n)*-115. Suppose -3*u + 80 = -z. What are the prime factors of u?
2, 3, 7
Suppose -5*w = 3*h + 2 + 1, 4*h = -3*w - 4. Suppose -4*f = -w*x - 4*x - 124, 0 = f + 2*x - 37. List the pri